4 + 11) - (5 + -10))?
-4
25 + 10 + (-33 - 10)
-8
What is 7 + (-15 - (-8 + 0))?
0
Calculate 12 - (28 + (-10 - -10)).
-16
Calculate 234 + -218 + 10 + 2 + 1.
29
4 + -1 + (61 - 37) + -38
-11
What is the value of 1 - (-17 + (6 - -2) + 1)?
9
What is the value of 15 + (48 - 11 - 33)?
19
Evaluate 1 + (-34 + -23 - -26).
-30
What is 6 - ((4 - 4) + -4 - -7 - -4)?
-1
Evaluate -7 + (18 + -9 - 6 - (1 + -8)).
3
What is the value of (2 - (5 + -8)) + -6 - -6?
5
Calculate (-14 - -3 - -21) + -24.
-14
Evaluate 54 - 51 - (-4 + 1).
6
Evaluate 13 + -31 + (7 - -9 - 18).
-20
What is 4 - ((6 - (-4 + 0 - -15)) + -3)?
12
Evaluate (30 - 30) + (-1 - -1) + 3 + 10.
13
Calculate (-8 - -4) + 10 - (0 + 3).
3
12 - 7 - 1 - ((3 - 1) + -2)
4
What is the value of 0 - (-5 - -36 - 3 - (5 - -3))?
-20
Evaluate (12 - (-12 - (-42 + 2))) + 18.
2
What is the value of 2 - 3 - -6 - (-2 - (4 + -4))?
7
What is 15 - (17 + 19 + -7)?
-14
What is the value of -5 - (0 + -12 + (30 - 26))?
3
3 + -8 + (-8 + 18 + -6 - 11)
-12
What is the value of 48 - (35 + -15) - -12?
40
2 + (27 - (12 + 10))
7
Calculate (-2 - 0) + -4 + -1 + 1 + 8.
2
What is the value of -2 - -2 - -1 - (-9 + 8) - 3?
-1
What is -1 + 42 + -473 + 450?
18
Evaluate (-5 - -4) + 12 - (-4 + 6 - 4).
13
-18 + -63 + 60 + -1 + 2
-20
Calculate (5 - -21) + 13 + (-17 - -3).
25
7 - (-3 - (8 - 18))
0
What is the value of -14 + (-3 + 0 - (9 + -17)) + -7?
-16
Calculate -4 - -6 - 1 - (-4 - 4) - 2.
7
What is -11 + 9 - (37 + -22 - (11 + -2))?
-8
What is -18 + 25 + -25 + 11?
-7
Evaluate 10 + -4 - 4 - (-1 + (1 - -3)).
-1
What is the value of (1 - 1) + 0 + -11 - (-63 - -64)?
-12
Evaluate 6 + (-37 + 26 - (-1 + (0 - -4))).
-8
What is the value of -5 + -1 + -27 + 31?
-2
What is the value of (0 - -4 - -1) + (17 - 28)?
-6
What is 12 + -2 - (-16 + -17 + -13 + 35)?
21
What is the value of 8 + -15 - (-55 + 30)?
18
What is the value of (-9 - (-21 + 22)) + 42?
32
Calculate 7 - (25 - ((-8 - -4 - 1) + 5)).
-18
What is 6 + (-7 + 11 - (5 + -3 + 4))?
4
(-2 + (-8 - -6) - -11) + 3 + -5
5
Calculate -2 + (1 - (-1 - -1) - (-44 + 46)).
-3
What is 3 + (-7 + (15 - (-3 + 7)) - -5)?
12
What is the value of 22 + -35 + -3 + -13?
-29
What is the value of 70 + (35 + -30 - 51)?
24
-23 + 1 + (-7 + 20 - (5 + 2))
-16
Evaluate -13 + (-13 - -37) - 3.
8
Calculate (-10 - (3 - (2 - -11))) + -15.
-15
Evaluate 4 + (0 - 4 - (-13 - -7) - 9).
-3
Evaluate -22 + (-29 - -18 - -19).
-14
(2 - 9 - (-21 + 10 - -1)) + -5
-2
What is -4 + (-2 + 7 - (-6 + 9) - 5)?
-7
Evaluate 0 + 2 + 5 + -418 + 409.
-2
Calculate 2 - ((-8 - -8) + -3) - 3.
2
What is the value of -44 + (-1 - (-25 + 11)) - -14?
-17
Calculate (-18 - -15 - -18) + (-4 - (-3 - -1)).
13
What is (10 - ((4 - -3) + -10)) + -4 + 1?
10
-22 - (2 + -1 + -10)
-13
-18 - (10 - (6 - (-1 - 11)))
-10
(-13 - -3) + 8 - -11 - 6
3
What is (3 - -4) + -3 + -2 - (58 - 64)?
8
Calculate 25 - 33 - (-9 + 3 + 2).
-4
-5 + 36 - 13 - 15
3
What is the value of (3 - 5) + 34 + -15?
17
What is the value of 12 - ((1 - -1) + 8 - 4) - 1?
5
What is the value of -15 + 18 + (-1 + 0 - (-2 - -23))?
-19
Calculate 12 - -2 - (-7 + (4 - 9) - -9).
17
What is 55 - 36 - (0 + -2 - (16 - 13))?
24
Evaluate -3 + 18 - (-15 - -20) - -1.
11
Evaluate -3 + 5 + (1 - (-16 - -13 - -11)).
-5
Calculate 126 - 139 - (-3 - (-1 + 9)).
-2
Calculate (37 - 46) + 3 + -1.
-7
0 - (9 - 6) - 0 - -6
3
Evaluate 7 + (-3 - (-7 - -14)) + (-6 - 1).
-10
Calculate (1 - -6 - -6) + -14.
-1
Calculate -37 - ((4 - 38) + 24).
-27
Evaluate 0 + 1 + -10 + 9 + (-2 - -1).
-1
What is the value of (15 - (5 - (-5 + 1))) + (1 - 5)?
2
Evaluate -12 + (-2 - 15) + 18.
-11
What is the value of 1 - 6 - (-7 + 66 + -92)?
28
1 + 29 + 39 + (-31 - 16)
22
What is 1775 + -1769 + 0 + -1 + -15?
-10
What is the value of (-34 - -21 - -8) + -7?
-12
What is -84 + 68 + (14 - 2)?
-4
Evaluate (1 - 3) + 2 - ((-12 - 0) + 12).
0
Evaluate ((-3 - -8) + -14 - -10) + 7.
8
What is the value of 10 + (2 + -21 - (10 - 18) - -8)?
7
Evaluate 1160 - 1170 - (-1 + -30).
21
What is (-9 - -13) + 4 + 1 + 0?
9
-2 + (12 - 3 - (-7 - 1))
15
What is the value of 2 - ((-2 - 1) + 19) - (-137 + 132)?
-9
What is the value of 39 - (1 + 1) - ((46 - 15) + -20)?
26
What is the value of (26 - 1) + -1 + -10 + 22 + -19?
17
What is 79 + -22 - 45 - (-1 - -4)?
9
-9 + 30 + -12 + -13 - -13
9
What is the value of 1 + 15 - -23 - 27?
12
Evaluate (-4 - (-11 + 14 - (1 + 1))) + -3.
-8
51 + -25 + 18 - 30
14
What is the value of -9 + 2 + 11 + -10?
-6
What is the value of -29 - -21 - -18 - 9?
1
Evaluate 15 - (-2 + 8) - -9.
18
Calculate -10 + 4 + (15 - (-13 + -6) - 9).
19
What is (-5 - (-3 - -6) - -2) + (-26 - -31)?
-1
-13 + 12 + 11 - (25 + 18)
-33
(-38 - -30) + (0 - -5)
-3
What is the value of 6 + -5 + (2 - -8) + -11?
0
Calculate 2 + -6 + -8 + (-39 - -29 - -12).
-10
What is 30 + -4 - ((4 - (-7 + 12)) + 9)?
18
What is the value of -2 - (2 + 10) - (-5 - -17)?
-26
Calculate (2 - 21) + 2 + (-1113 - -1113).
-17
What is the value of 0 + (-23 - -13) - (1 - 0)?
-11
Calculate -42 + 57 + (-3 - 2) + 0.
10
What is -9 + (-8 + (37 - 4) - -2)?
18
Evaluate 6 + (-7 - -6 - (5 + -11)).
11
What is the value of -11 + (15 - (0 - -5 - 15))?
14
What is -7 + -3 + 3 - (-18 - -19)?
-8
Calculate (-10 - (-26 - -5)) + (-2 - -4) + -7.
6
Calculate 3 + -3 - ((-7 - 1 - -5) + -2).
5
What is -9 - (-1 - 3 - (-11 - -10) - -4)?
-10
What is the value of (-27 - -46 - 9) + 9?
19
What is the value of -24 + 4 - (-6 + 0) - -3?
-11
What is the value of 4 + (3 - 1) + 8 + -25 + 3?
-8
What is the value of -176 - -182 - (1 - (11 - 2))?
14
Calculate (-3 - (-2 + 4 + -2)) + 347 + -336.
8
What is 0 + (6 - (6 + (-7 - -9)))?
-2
What is -2 + 20 + -2 + 6 + -6 - 6?
10
(24 - 4) + -6 - (14 + -21)
21
Calculate -198 + 195 - (0 + -22).
19
What is -14 - (-35 + (20 - 7))?
8
What is 15 - (3 + -11 - (7 + (-20 - -12)))?
22
Calculate (-9 - -3) + 71 + 6 + -43.
28
21 + -22 - (5 + (-3 - 5) - -6)
-4
What is the value of -22 + (-1 - -13) - -3?
-7
Evaluate -2 + 4 - 7 - 0 - -13 - -11.
19
What is the value of (-20 + 10 - 3) + 35 - 9?
13
Evaluate (7 - (-4 + -2)) + (5 - 13).
5
What is the value of -9 - (0 - (0 - -12))?
3
What is 10 - (-12 + 13) - (-15 - 3)?
27
What is (17 + -2 - 11) + -9 + 18?
13
What is -43 + (39 - 19) + -1 + 0?
-24
What is the value of -96 + 89 - (-13 + -1)?
7
Evaluate -6 + 7 - 6 - (41 - 15 - 2).
-29
Calculate (2 - 1 - (-43 + 44)) + 1 + 5.
6
What is the value of 4 + 1 + 2 + -3 + 6 + -12?
-2
What is -9 + 19 + -6 - (30 - 1)?
-25
Evaluate (-752 - -728) + (51 - -2).
29
Calculate (559 - 550) + 0 + 3 + -1 + 5.
16
-206 - -197 - (3 + -3 + 6)
-15
Calculate 20 + (-10 - (-20 + 0 + (4 - -1))).
25
What is -3 - (2 - 3 - 0) - (1077 + -1105)?
26
-1 + -1 + (0 + -3 - (30 - 46))
11
What is -18 - (13 + -10 - 13) - (-1 + -4)?
-3
What is (5 - (4 + 1)) + (2 - 2) - -3?
3
-8 + (-2 - (4 + -6)) + -7
-15
What is 11 + -3 + -35 + 53?
26
Calculate -39 + 2 - (16 + -38).
-15
-18 + 9 - -21 - -2
14
What is the value of 17 - (4 - 0) - ((-7 - -1) + 14)?
5
Evaluate -35 + (25 + -21 + 6 - (-2 - -3)).
-26
Calculate -12 + 41 + (-23 - -13).
19
What is 9 + -4 + (-1 - (0 + (4 - 7)))?
7
What is 11 - ((6 - 2 - 7) + 9) - -4?
9
What is the value of -7 - 1 - (-79 + 69)?
2
Evaluate -4 + (1 - ((5 - -2) + -6)).
-4
Evaluate (2 + -5 - 16) + 36.
17
Evaluate (4 - (8 + -3)) + (37 - 31).
5
-8 - (-3 + 4) - -8 - -9
8
Evaluate -15 + 14 + 13 + -6 + -11.
-5
What is the value of (23 - 5) + (-137 - -141)?
22
Calculate -346 + 322 + (37 - -2).
15
What is (27 + -17 - -23) + -20 + 6?
19
Calculate 11 + 19 - 17 - (-5 + 20).
-2
What is the value of 4 + -15 - (9 + (-16 - (-2 + -7)))?
-13
Calculate 8 + 6 + 7 - (2 + 1).
18
-31 + (1 + -7 + -2 - (6 + -13))
-32
What is 3 - (0 + -10 + 3) - -14?
24
What is the value of -1 + -11 + (-13 + 7 - (-2 - 5))?
-11
Calculate -81 + 87 + (-4 + -35 - (-3 - 1)).
-29
Calculate -10 + 12 + (3 + 10 - 36).
-21
2 - -1 - ((46 - 8) + -29)
-6
Evaluate 1 + (4 - (-9 + 11) - 1) + 29.
31
What is (-26 - 10 - (1 + -10)) + 4?
-23
What is the value of -29 + (-22 + 27 + (2 - -2) - -1)?
-19
What is (22 + -29 - 15) + 38?
16
0 + -1 + (11 - 7) + 0
3
Calculate 20 + (11 - ((25 - 12) + 5)).
13
Calculate 29 + -3 - (30 + -15).
11
Calculate 15 - (25 + -19 - -7).
2
-6 + 4 + 6 + (8 - 9 - -2)
5
What is (-9 - 4) + (11 - 11)?
-13
1 + 26 + -13 - 3
11
What is the value of -15 - (70 - 119) - (8 - 1)?
27
Calculate -6 + 6 + -5 - (12 + -6 - -5).
-16
Evalua